tors of q.
2, 17
Suppose -2*b + 2 = -0, -4*b + 657 = x. What are the prime factors of x?
653
Suppose 227*c - 222*c - 4000 = 0. Suppose 48*p = 44*p + c. List the prime factors of p.
2, 5
Let t(d) = -d**3 + 4*d**2 - 3*d. Let k be t(3). Suppose -3*m - 12 = -k*m. What are the prime factors of (1342/55)/(m/(-10))?
61
Suppose -y + 3*y - 30 = 0. Let p(n) = -n**3 + 15*n**2 + 3*n - 13. List the prime factors of p(y).
2
Let l be 232/(-12) - (-2)/(-3). Let n(o) = -o**3 - 20*o**2 - o - 13. Let k be n(l). Suppose k*f - 37 = 47. List the prime factors of f.
2, 3
Let i be (-22 - (1 - 4)) + 4. Let t be (-5 + 6)*(-1)/1. What are the prime factors of 20*(t + i/(-6))?
2, 3, 5
Let j = 908 - 503. List the prime factors of j.
3, 5
Suppose 60 = 3*r - 45. Let s = r - 29. Suppose -h - 295 = -s*h. List the prime factors of h.
59
Let k = 275 - -796. List the prime factors of k.
3, 7, 17
Suppose 163 = 23*j - 24*j. What are the prime factors of j*((-12)/18 - 2/6)?
163
Suppose 3*a = -3*c - 489, -343 = 3*c + 4*a + 146. Let j = -110 - c. What are the prime factors of j?
53
Let h be 4 - (1 - (-1 + 1)). Suppose -2*n = -h*u - 6*n + 113, -2*u + 4*n = -82. List the prime factors of u.
3, 13
Let m = 43 + -41. Suppose 0 = -5*s - 5*n + m*n + 170, 0 = -2*s - 3*n + 77. What are the prime factors of s?
31
Suppose 5*i = 14 + 6. Suppose -3*y = p + 3*p - 270, i*p - 184 = -2*y. List the prime factors of y.
2, 43
Suppose 267 = -4*h + 5*v, -3*v + 5*v = -5*h - 342. Let f = h - -124. What are the prime factors of f?
2, 7
Suppose -44*f + 48*f = 4100. What are the prime factors of f?
5, 41
What are the prime factors of (72/90)/(4/5470)?
2, 547
Let h = 153 - -584. List the prime factors of h.
11, 67
Let c = -16 + 19. Suppose -c*q = j - 11, -4 = -5*q + 3*q. Suppose i + 0*i - j*h = 44, -3*h = 3*i - 114. List the prime factors of i.
3, 13
Let z = -74 - -79. List the prime factors of 1/((-170)/35 + z).
7
Suppose j - 3007 = x + 2699, 3*x - 17142 = -3*j. List the prime factors of j.
2, 5, 571
Let y(z) = 10*z**2 + 5*z - 9*z**2 + 0*z + 6. Let d be y(-5). Suppose -d*h = -h - 120. List the prime factors of h.
2, 3
Let z(i) = -337*i + 141. What are the prime factors of z(-2)?
5, 163
List the prime factors of 3/(-15) - -46*2/10.
3
Suppose -55*b + 6578 = -33*b. List the prime factors of b.
13, 23
Let u = 544 - 497. List the prime factors of u.
47
Let x(y) = 2*y + 20 - y + 2*y**3 - 3*y**3. What are the prime factors of x(0)?
2, 5
Let d be (-2 + 4)/(3/(-12)). Let f = d + 0. Let m = 20 + f. List the prime factors of m.
2, 3
Suppose 0 = 3*o + 15 + 36. Let q = 23 + o. Suppose 5*r = -4*w + 301, q*r + 2*w - 181 = 3*r. List the prime factors of r.
61
Let q(t) = -t**3 + 9*t**2 + t - 4. Let x be q(9). Suppose x*f - 8 = 7. Suppose f*k - 17 = -2. List the prime factors of k.
5
Let a(b) = b**2 - 2*b + 7. Let g be 3 - 6 - (15 - -3). Let r be (-120)/g + 12/42. What are the prime factors of a(r)?
31
Suppose 6 = i + 1. Suppose -i*h + 14 = -6. What are the prime factors of h + -1 - (3 + -28)?
2, 7
Let l(v) = 3 + 2 + 6*v + 6*v - 19*v. List the prime factors of l(-17).
2, 31
Let l(k) = -k**3 - 7*k**2 - 3*k. Let w be l(-6). Let r(v) = -2*v**2 - v - 2. Let q be r(-2). Let t = q - w. List the prime factors of t.
2, 5
Let d = 786 - 784. Let o(q) = q + 2. Let g be o(-4). List the prime factors of 37/(d/g - -2).
37
Let t be (-12)/30 + (-2794)/(-10). Let k = t + -191. What are the prime factors of k?
2, 11
Let f(c) = -c**3 - 9*c**2 + 10*c. Let k be f(-10). Suppose -2*s + k*y = 5*y - 135, 2*s + 3*y - 141 = 0. List the prime factors of s.
3, 5
Let o = 875 + -170. What are the prime factors of o?
3, 5, 47
Let i(r) = 70*r**3 - 5*r**2 - 15*r + 73. List the prime factors of i(3).
1873
Let h be (-1 - 2)/((-21)/28). Suppose h*q + 11 = p, 4*p - q = -0*p + 14. Suppose -15 = -p*j + 3. List the prime factors of j.
2, 3
Let v be 2/(-3)*(-1 + 73). Let x be v/(-40) + 1/(-5). List the prime factors of x/(-1 + 16/14).
7
Let g = 241 + 716. List the prime factors of g.
3, 11, 29
Let m(l) be the second derivative of -l**4/6 + 16*l**3/3 + 19*l**2/2 - 14*l. List the prime factors of m(15).
7
Let y(u) = -47*u**3 + 6*u**2 + 9*u + 11. List the prime factors of y(-3).
1307
Let t be (-5)/2*(-72)/3. Suppose 0*l + 170 = 3*l + p, -l + 3*p = -t. Suppose 55 = 2*w - 3*f, 3*w + 3*f + f = l. List the prime factors of w.
23
Let b(j) = -j + 20. Let m be b(16). Suppose -8 = -m*f + 20. Suppose 35 - f = 2*c. List the prime factors of c.
2, 7
Let c = 12 - 15. Let w be c/((-12)/(-8) + -3). Suppose w*o - 90 = -o. List the prime factors of o.
2, 3, 5
Suppose -3*k - 246 + 36 = 0. Let d = k - -103. Suppose d = -7*t + 10*t. List the prime factors of t.
11
Let x be (-623)/(-21) + (-1)/(-3). Suppose -x = -u - y, 2 = u - y - 20. Suppose -4*g - u = -k, -g = -2*k + k + 35. What are the prime factors of k?
2, 19
Let a(n) = 2*n**3 + 2*n**2 + 6*n. Let j be a(4). Suppose 2*y + 78 = -4*d + 858, -d + 5*y + j = 0. What are the prime factors of d?
2, 97
Suppose 18*p = 30*p - 12696. List the prime factors of p.
2, 23
Let y(b) = -b**3 - b**2 + 2*b + 2. Let g be y(-1). Suppose t - 5*m = -2*t + 501, -2*t + m + 327 = g. List the prime factors of t.
2, 3
Suppose 0 = -3*z - 31 + 226. Suppose b = z - 6. What are the prime factors of b?
59
Let j(p) be the second derivative of -p**3/6 + p**2/2 + 4*p. Let z(q) = -q**3 + 4*q**2 - 6*q + 4. Let d(l) = -6*j(l) + z(l). List the prime factors of d(2).
2, 3
Suppose -w + r - 3 = 5, 0 = r - 2. Let g be (-8 + 14)/(w/(-4)). Suppose -4*v + 108 = g*a, -v + 5*a - 1 - 2 = 0. What are the prime factors of v?
2, 11
Let r(s) = s + 13. Let d be r(-6). Let x be 288/4*(-50)/(-40). Suppose -x = 2*w - d*w. What are the prime factors of w?
2, 3
Suppose 0*b + 28 = -4*a - 4*b, 5*b - 1 = -a. Let z be 357/(-14)*(-12)/a. Let x = 66 + z. What are the prime factors of x?
2
List the prime factors of 4912 + 5 - -18*(-2)/6.
3, 1637
Let x(o) = -990*o - 363. List the prime factors of x(-3).
3, 11, 79
Let d be 9*4/6 - -3. Let a = d + -4. Suppose -2*o = a*t - 104, -t - o = 4*o - 30. What are the prime factors of t?
2, 5
Suppose 4*t - 5*d = -2*d + 203, 12 = 4*d. Let v = 169 - t. List the prime factors of v.
2, 29
Let u be (-8)/(-6)*81/54. Suppose u*n = -b + 122, 7*b + 3*n - 363 = 4*b. What are the prime factors of b?
2, 3, 5
Let y(n) = n**3 + 10*n**2 - 20*n - 14. What are the prime factors of y(-7)?
3, 7, 13
Let m = 98 - 73. Suppose -m*l + 22*l + 303 = 0. List the prime factors of l.
101
Let f be (-14)/(-4) - (-9)/6. Suppose 0 = y + 3*n + 5, -n = 4 - f. List the prime factors of (4/y)/(1/(-48)).
2, 3
Let l(i) be the third derivative of i**4/24 - 7*i**3/6 + 3*i**2. Let a be l(8). Suppose x = -a + 4. List the prime factors of x.
3
Suppose -1852 = -4*l - b, -468 = 3*l - 4*l + b. What are the prime factors of l?
2, 29
Suppose 17*o = 8*o - 378. What are the prime factors of 4/(-14) + -58*27/o?
37
Let y = 5 - -5. Suppose 4*t - 2 = 2*d, y = -0*d + 2*d - t. Suppose 92 = d*o - 3*o. List the prime factors of o.
23
Let o(h) = -3*h + 15. Let i be o(5). Suppose i = -3*k, -4*k + 92 = 2*d - 6*k. List the prime factors of d.
2, 23
Suppose -5*k - 17 = -3*d + 40, 36 = d + 4*k. Let r be (4/6)/(4/d). Suppose -3*l + 48 = 4*u - 73, 4*u = r*l + 128. What are the prime factors of u?
31
Let i = 4460 - 3049. List the prime factors of i.
17, 83
Suppose 0 = -2*n - n. Suppose 0 = 4*r - h - 59, r - 4*r - h + 39 = n. List the prime factors of r.
2, 7
Let f = 1616 + -800. What are the prime factors of f?
2, 3, 17
Let p be (1 - 1/2)*32. Suppose -7*d + 5 = -p. Suppose -5*o + 110 = u - 110, -o - d*u + 44 = 0. List the prime factors of o.
2, 11
List the prime factors of (-8)/(365/(-121) + 3).
2, 11
Suppose -5*v - 3 = 5*l + 1317, -808 = 3*v - l. Let j = 466 + v. List the prime factors of j.
2, 3, 11
Let h(x) = -1397*x + 22. What are the prime factors of h(-1)?
3, 11, 43
Suppose -v = -0*v + 2. Let k(h) = 12*h**2 + 3*h + 4. What are the prime factors of k(v)?
2, 23
Let r(n) = -3 - 4*n + n**2 + 1 - 3. Let h be r(6). Let x = h + 10. List the prime factors of x.
17
Suppose 5*a + 19 = 29. Let o(c) = 8*c + 8. Let t be o(7). Suppose -4*z = -a*z - t. What are the prime factors of z?
2
What are the prime factors of (1/4)/(-7*(-7)/126028)?
643
Let i be (-38 - (0 + 2))/(2/(-3)). Suppose 3*w = -p - i + 158, 3*p + w = 254. List the prime 